{"id":21647,"date":"2017-03-21T11:24:59","date_gmt":"2017-03-21T11:24:59","guid":{"rendered":"http:\/\/bemitown.com\/?page_id=21647"},"modified":"2022-05-20T10:47:21","modified_gmt":"2022-05-20T10:47:21","slug":"preis","status":"publish","type":"page","link":"http:\/\/parkhaus-offenbach.de\/?page_id=21647","title":{"rendered":"Preise"},"content":{"rendered":"<section class=\"wpb-content-wrapper\"><p>[vc_row row_type=&#8220;row&#8220; use_row_as_full_screen_section=&#8220;no&#8220; type=&#8220;full_width&#8220; text_align=&#8220;left&#8220; css_animation=&#8220;&#8220;][vc_column][vc_single_image image=&#8220;22136&#8243; img_size=&#8220;1800&#215;800&#8243; qode_css_animation=&#8220;&#8220;][vc_empty_space][vc_empty_space][vc_row_inner row_type=&#8220;row&#8220; type=&#8220;full_width&#8220; use_row_as_full_screen_section_slide=&#8220;no&#8220; text_align=&#8220;left&#8220; css_animation=&#8220;&#8220;][vc_column_inner][vc_column_text]<\/p>\n<h2 style=\"text-align: center;\"><strong>PREISWERT PARKEN, MITTEN IN DER CITY!<\/strong><\/h2>\n<p>[\/vc_column_text][\/vc_column_inner][\/vc_row_inner][\/vc_column][\/vc_row][vc_row row_type=&#8220;row&#8220; use_row_as_full_screen_section=&#8220;no&#8220; type=&#8220;full_width&#8220; text_align=&#8220;left&#8220; css_animation=&#8220;&#8220;][vc_column width=&#8220;1\/3&#8243;][vc_empty_space][vc_column_text]<\/p>\n<h2 style=\"text-align: right;\">*<\/h2>\n<p>[\/vc_column_text][vc_single_image image=&#8220;22123&#8243; img_size=&#8220;600&#215;600&#8243; qode_css_animation=&#8220;&#8220;][\/vc_column][vc_column width=&#8220;1\/3&#8243;][vc_empty_space][vc_column_text]<\/p>\n<h2 style=\"text-align: right;\">*<\/h2>\n<p>[\/vc_column_text][vc_single_image image=&#8220;22246&#8243; img_size=&#8220;600&#215;600&#8243; qode_css_animation=&#8220;&#8220;][\/vc_column][vc_column width=&#8220;1\/3&#8243;][vc_empty_space][vc_column_text]<\/p>\n<h2 style=\"text-align: right;\">*<\/h2>\n<p>[\/vc_column_text][vc_single_image image=&#8220;22247&#8243; img_size=&#8220;600&#215;600&#8243; qode_css_animation=&#8220;&#8220;][\/vc_column][\/vc_row][vc_row row_type=&#8220;row&#8220; use_row_as_full_screen_section=&#8220;no&#8220; type=&#8220;full_width&#8220; text_align=&#8220;left&#8220; css_animation=&#8220;&#8220;][vc_column width=&#8220;1\/3&#8243;][vc_empty_space][vc_column_text]<\/p>\n<h2 style=\"text-align: right;\">*<\/h2>\n<p>[\/vc_column_text][vc_single_image image=&#8220;22248&#8243; img_size=&#8220;600&#215;600&#8243; qode_css_animation=&#8220;&#8220;][\/vc_column][vc_column width=&#8220;1\/3&#8243;][vc_empty_space][vc_column_text]<\/p>\n<h2 style=\"text-align: right;\">*<\/h2>\n<p>[\/vc_column_text][vc_single_image image=&#8220;22249&#8243; img_size=&#8220;600&#215;600&#8243; qode_css_animation=&#8220;&#8220;][\/vc_column][vc_column width=&#8220;1\/3&#8243;][vc_empty_space][vc_column_text]<\/p>\n<h2 style=\"text-align: right;\">*<\/h2>\n<p>[\/vc_column_text][vc_single_image image=&#8220;22245&#8243; img_size=&#8220;600&#215;600&#8243; qode_css_animation=&#8220;&#8220;][\/vc_column][\/vc_row][vc_row row_type=&#8220;row&#8220; use_row_as_full_screen_section=&#8220;no&#8220; type=&#8220;full_width&#8220; text_align=&#8220;left&#8220; css_animation=&#8220;&#8220;][vc_column][vc_empty_space][vc_column_text]<\/p>\n<h4><img loading=\"lazy\" decoding=\"async\" class=\"alignnone wp-image-21663\" src=\"http:\/\/bemitown.com\/wp-content\/uploads\/2014\/06\/tik1-297x300.png\" alt=\"tik1\" width=\"20\" height=\"20\" srcset=\"http:\/\/parkhaus-offenbach.de\/wp-content\/uploads\/2014\/06\/tik1-297x300.png 297w, http:\/\/parkhaus-offenbach.de\/wp-content\/uploads\/2014\/06\/tik1-150x150.png 150w, http:\/\/parkhaus-offenbach.de\/wp-content\/uploads\/2014\/06\/tik1-550x550.png 550w, http:\/\/parkhaus-offenbach.de\/wp-content\/uploads\/2014\/06\/tik1-500x500.png 500w, http:\/\/parkhaus-offenbach.de\/wp-content\/uploads\/2014\/06\/tik1-700x708.png 700w, http:\/\/parkhaus-offenbach.de\/wp-content\/uploads\/2014\/06\/tik1.png 712w\" sizes=\"auto, (max-width: 20px) 100vw, 20px\" \/>\u00a0Mit Chipkarte oder Parkticket 24 Stunden Ein-und Ausfahrt m\u00f6glich.<\/h4>\n<h4><img loading=\"lazy\" decoding=\"async\" class=\"alignnone wp-image-21663\" src=\"http:\/\/bemitown.com\/wp-content\/uploads\/2014\/06\/tik1-297x300.png\" alt=\"tik1\" width=\"20\" height=\"20\" srcset=\"http:\/\/parkhaus-offenbach.de\/wp-content\/uploads\/2014\/06\/tik1-297x300.png 297w, http:\/\/parkhaus-offenbach.de\/wp-content\/uploads\/2014\/06\/tik1-150x150.png 150w, http:\/\/parkhaus-offenbach.de\/wp-content\/uploads\/2014\/06\/tik1-550x550.png 550w, http:\/\/parkhaus-offenbach.de\/wp-content\/uploads\/2014\/06\/tik1-500x500.png 500w, http:\/\/parkhaus-offenbach.de\/wp-content\/uploads\/2014\/06\/tik1-700x708.png 700w, http:\/\/parkhaus-offenbach.de\/wp-content\/uploads\/2014\/06\/tik1.png 712w\" sizes=\"auto, (max-width: 20px) 100vw, 20px\" \/>\u00a0Individuelle W\u00fcnsche auf Anfrage<\/h4>\n<p>[\/vc_column_text][vc_empty_space][\/vc_column][\/vc_row][vc_row row_type=&#8220;row&#8220; use_row_as_full_screen_section=&#8220;no&#8220; type=&#8220;full_width&#8220; text_align=&#8220;left&#8220; css_animation=&#8220;&#8220;][vc_column width=&#8220;1\/3&#8243;][vc_empty_space][vc_single_image image=&#8220;22170&#8243; img_size=&#8220;600&#215;600&#8243; qode_css_animation=&#8220;&#8220;][\/vc_column][vc_column width=&#8220;1\/3&#8243;][vc_empty_space][\/vc_column][vc_column width=&#8220;1\/3&#8243;][\/vc_column][\/vc_row][vc_row row_type=&#8220;row&#8220; use_row_as_full_screen_section=&#8220;no&#8220; type=&#8220;full_width&#8220; text_align=&#8220;left&#8220; css_animation=&#8220;&#8220;][vc_column][vc_empty_space][vc_column_text]*Preise pro Kalendertag. Die Benutzung des Parkhauses erfolgt auf eigene Gefahr und ausschlie\u00dflich unter Einhaltung und Kenntnisnahme der Parkhausordnung. Diese ist im Verwaltungsb\u00fcro und im Internet einsehbar. (Preis inkl. MwSt.)<\/p>\n<p>*Die Benutzung des Parkhauses schlie\u00dft keine \u00dcberwachung ein. Benutzer und \/ oder Betreiber sind nicht haftbar f\u00fcr Diebstahl, Verlust oder Besch\u00e4digung jeglicher Art die sich im Parkhaus ereignen. Die Benutzung und der Zugang zum Parkhaus sind ausschlie\u00dflich erlaubt unter der Kenntnisnahme und Anwendung der \u201e Allgemeinen Bedingungen.\u201c Diese sind im Verwaltungsb\u00fcro des Parkhauses einzusehen.<\/p>\n<p>*Bei Parkkartenverlust wird Ihnen \u20ac 20,00 f\u00fcr ein Ersatzticket berechnet.<\/p>\n<p>*Bitte keine Dauerparkkarten oder fremde Karten in den Barzahlungsautomaten einstecken, die somit verursachte St\u00f6rung zu beseitigen, wird dem Verursacher mit \u20ac 50 berechnet.<\/p>\n<p>*Falschparken und das Parken auf zwei ausgewiesenen Parkpl\u00e4tzen wird nach einer schriftlichen Verwarnung mit einem Bu\u00dfgeld in H\u00f6he von \u20ac 30 geahndet.<\/p>\n<p><strong>\u00a0<\/strong>[\/vc_column_text][vc_empty_space][\/vc_column][\/vc_row]<\/p>\n<\/section>","protected":false},"excerpt":{"rendered":"<p>[vc_row row_type=&#8220;row&#8220; use_row_as_full_screen_section=&#8220;no&#8220; type=&#8220;full_width&#8220; text_align=&#8220;left&#8220; css_animation=&#8220;&#8220;][vc_column][vc_single_image image=&#8220;22136&#8243; img_size=&#8220;1800&#215;800&#8243; qode_css_animation=&#8220;&#8220;][vc_empty_space][vc_empty_space][vc_row_inner row_type=&#8220;row&#8220; type=&#8220;full_width&#8220; use_row_as_full_screen_section_slide=&#8220;no&#8220; text_align=&#8220;left&#8220; css_animation=&#8220;&#8220;][vc_column_inner][vc_column_text] PREISWERT PARKEN, MITTEN IN DER CITY! [\/vc_column_text][\/vc_column_inner][\/vc_row_inner][\/vc_column][\/vc_row][vc_row row_type=&#8220;row&#8220; use_row_as_full_screen_section=&#8220;no&#8220; type=&#8220;full_width&#8220; text_align=&#8220;left&#8220; css_animation=&#8220;&#8220;][vc_column width=&#8220;1\/3&#8243;][vc_empty_space][vc_column_text] * [\/vc_column_text][vc_single_image image=&#8220;22123&#8243; img_size=&#8220;600&#215;600&#8243; qode_css_animation=&#8220;&#8220;][\/vc_column][vc_column width=&#8220;1\/3&#8243;][vc_empty_space][vc_column_text] * [\/vc_column_text][vc_single_image image=&#8220;22246&#8243; img_size=&#8220;600&#215;600&#8243; qode_css_animation=&#8220;&#8220;][\/vc_column][vc_column width=&#8220;1\/3&#8243;][vc_empty_space][vc_column_text] * [\/vc_column_text][vc_single_image image=&#8220;22247&#8243; img_size=&#8220;600&#215;600&#8243; qode_css_animation=&#8220;&#8220;][\/vc_column][\/vc_row][vc_row row_type=&#8220;row&#8220;&#8230;<\/p>\n","protected":false},"author":2,"featured_media":0,"parent":0,"menu_order":0,"comment_status":"open","ping_status":"open","template":"","meta":{"footnotes":""},"class_list":["post-21647","page","type-page","status-publish","hentry"],"_links":{"self":[{"href":"http:\/\/parkhaus-offenbach.de\/index.php?rest_route=\/wp\/v2\/pages\/21647","targetHints":{"allow":["GET"]}}],"collection":[{"href":"http:\/\/parkhaus-offenbach.de\/index.php?rest_route=\/wp\/v2\/pages"}],"about":[{"href":"http:\/\/parkhaus-offenbach.de\/index.php?rest_route=\/wp\/v2\/types\/page"}],"author":[{"embeddable":true,"href":"http:\/\/parkhaus-offenbach.de\/index.php?rest_route=\/wp\/v2\/users\/2"}],"replies":[{"embeddable":true,"href":"http:\/\/parkhaus-offenbach.de\/index.php?rest_route=%2Fwp%2Fv2%2Fcomments&post=21647"}],"version-history":[{"count":51,"href":"http:\/\/parkhaus-offenbach.de\/index.php?rest_route=\/wp\/v2\/pages\/21647\/revisions"}],"predecessor-version":[{"id":22250,"href":"http:\/\/parkhaus-offenbach.de\/index.php?rest_route=\/wp\/v2\/pages\/21647\/revisions\/22250"}],"wp:attachment":[{"href":"http:\/\/parkhaus-offenbach.de\/index.php?rest_route=%2Fwp%2Fv2%2Fmedia&parent=21647"}],"curies":[{"name":"wp","href":"https:\/\/api.w.org\/{rel}","templated":true}]}}